{"id":3200,"date":"2021-05-21T10:40:10","date_gmt":"2021-05-21T06:40:10","guid":{"rendered":"http:\/\/www.agorah.com\/?page_id=3200"},"modified":"2025-10-16T09:49:24","modified_gmt":"2025-10-16T05:49:24","slug":"evolution-et-dynamiques-spaciales","status":"publish","type":"page","link":"https:\/\/www.agorah.com\/index.php\/evolution-et-dynamiques-spaciales\/","title":{"rendered":"EVOLUTION ET DYNAMIQUES SPACIALES"},"content":{"rendered":"<p>[et_pb_section fb_built=\u00a0\u00bb1&Prime; _builder_version=\u00a0\u00bb4.16&Prime; _module_preset=\u00a0\u00bbdefault\u00a0\u00bb min_height=\u00a0\u00bb558.6px\u00a0\u00bb global_colors_info=\u00a0\u00bb{}\u00a0\u00bb][et_pb_row column_structure=\u00a0\u00bb1_3,1_3,1_3&Prime; _builder_version=\u00a0\u00bb4.16&Prime; background_color=\u00a0\u00bb#ff6e77&Prime; use_background_color_gradient=\u00a0\u00bbon\u00a0\u00bb background_color_gradient_direction=\u00a0\u00bb90deg\u00a0\u00bb background_color_gradient_stops=\u00a0\u00bb#43b49d 0%|#4ebdcf 100%\u00a0\u00bb background_color_gradient_start=\u00a0\u00bb#43b49d\u00a0\u00bb background_color_gradient_end=\u00a0\u00bb#4ebdcf\u00a0\u00bb custom_margin=\u00a0\u00bb1px|auto|1px|auto||\u00a0\u00bb custom_padding=\u00a0\u00bb40px|40px|40px|40px|true|true\u00a0\u00bb animation_style=\u00a0\u00bbflip\u00a0\u00bb animation_intensity_flip=\u00a0\u00bb20%\u00a0\u00bb locked=\u00a0\u00bboff\u00a0\u00bb global_colors_info=\u00a0\u00bb{}\u00a0\u00bb][et_pb_column type=\u00a0\u00bb1_3&Prime; _builder_version=\u00a0\u00bb4.16&Prime; custom_padding=\u00a0\u00bb|||\u00a0\u00bb global_colors_info=\u00a0\u00bb{}\u00a0\u00bb custom_padding__hover=\u00a0\u00bb|||\u00a0\u00bb][et_pb_blurb title=\u00a0\u00bbth\u00e9matique\u00a0\u00bb use_icon=\u00a0\u00bbon\u00a0\u00bb font_icon=\u00a0\u00bb&#xe0e3;||divi||400&Prime; icon_color=\u00a0\u00bb#ffffff\u00a0\u00bb icon_placement=\u00a0\u00bbleft\u00a0\u00bb image_icon_width=\u00a0\u00bb40px\u00a0\u00bb _builder_version=\u00a0\u00bb4.16&Prime; header_font=\u00a0\u00bbLato|700||on|||||\u00a0\u00bb header_font_size=\u00a0\u00bb10px\u00a0\u00bb header_letter_spacing=\u00a0\u00bb1px\u00a0\u00bb header_line_height=\u00a0\u00bb1.4em\u00a0\u00bb body_font=\u00a0\u00bbLato|700|||||||\u00a0\u00bb body_font_size=\u00a0\u00bb20px\u00a0\u00bb body_line_height=\u00a0\u00bb0.8em\u00a0\u00bb background_layout=\u00a0\u00bbdark\u00a0\u00bb custom_margin_tablet=\u00a0\u00bb||40px|\u00a0\u00bb custom_margin_phone=\u00a0\u00bb\u00a0\u00bb custom_margin_last_edited=\u00a0\u00bbon|tablet\u00a0\u00bb custom_padding=\u00a0\u00bb||0px|||\u00a0\u00bb animation=\u00a0\u00bboff\u00a0\u00bb icon_font_size=\u00a0\u00bb40px\u00a0\u00bb global_colors_info=\u00a0\u00bb{}\u00a0\u00bb]<\/p>\n<p>\u00c9volution &amp; Dynamiques Spatiales<\/p>\n<p>[\/et_pb_blurb][\/et_pb_column][et_pb_column type=\u00a0\u00bb1_3&Prime; _builder_version=\u00a0\u00bb4.16&Prime; custom_padding=\u00a0\u00bb|||\u00a0\u00bb global_colors_info=\u00a0\u00bb{}\u00a0\u00bb custom_padding__hover=\u00a0\u00bb|||\u00a0\u00bb][\/et_pb_column][et_pb_column type=\u00a0\u00bb1_3&Prime; _builder_version=\u00a0\u00bb4.16&Prime; custom_padding=\u00a0\u00bb|||\u00a0\u00bb global_colors_info=\u00a0\u00bb{}\u00a0\u00bb custom_padding__hover=\u00a0\u00bb|||\u00a0\u00bb][\/et_pb_column][\/et_pb_row][et_pb_row _builder_version=\u00a0\u00bb4.16&Prime; _module_preset=\u00a0\u00bbdefault\u00a0\u00bb custom_padding=\u00a0\u00bb19px||3px|||\u00a0\u00bb global_colors_info=\u00a0\u00bb{}\u00a0\u00bb][et_pb_column type=\u00a0\u00bb4_4&Prime; _builder_version=\u00a0\u00bb4.16&Prime; _module_preset=\u00a0\u00bbdefault\u00a0\u00bb global_colors_info=\u00a0\u00bb{}\u00a0\u00bb][et_pb_text _builder_version=\u00a0\u00bb4.16&Prime; _module_preset=\u00a0\u00bbdefault\u00a0\u00bb global_colors_info=\u00a0\u00bb{}\u00a0\u00bb]<\/p>\n<blockquote>\n<h1><strong>Toutes nos productions<\/strong><\/h1>\n<\/blockquote>\n<p>[\/et_pb_text][\/et_pb_column][\/et_pb_row][et_pb_row _builder_version=\u00a0\u00bb4.16&Prime; _module_preset=\u00a0\u00bbdefault\u00a0\u00bb global_colors_info=\u00a0\u00bb{}\u00a0\u00bb][et_pb_column type=\u00a0\u00bb4_4&Prime; _builder_version=\u00a0\u00bb4.16&Prime; _module_preset=\u00a0\u00bbdefault\u00a0\u00bb global_colors_info=\u00a0\u00bb{}\u00a0\u00bb][et_pb_toggle title=\u00a0\u00bbGroupe Etalement Urbain (GEU)\u00a0\u00bb open=\u00a0\u00bbon\u00a0\u00bb _builder_version=\u00a0\u00bb4.27.4&Prime; _module_preset=\u00a0\u00bbdefault\u00a0\u00bb global_colors_info=\u00a0\u00bb{}\u00a0\u00bb]<\/p>\n<blockquote>\n<p><strong><\/strong><\/p>\n<p><a href=\"https:\/\/www.agorah.com\/upload\/ressources\/Obs_OcSol_2024.pdf\"><strong>=&gt; 2024 &#8211; <\/strong>Observatoire de l\u2019Occupation du Sol<\/a><\/p>\n<p><a href=\"https:\/\/www.agorah.com\/upload\/ressources\/GEU_2023.pdf\"><strong>=&gt; 2023 &#8211;<\/strong>\u00a0Pr\u00e9sentation au Groupe \u00c9talement Urbain<\/a><\/p>\n<p><strong><a href=\"https:\/\/www.agorah.com\/upload\/ressources\/GEU_2022.pdf\">=&gt; 2022<\/a><\/strong><a href=\"https:\/\/www.agorah.com\/upload\/ressources\/GEU_2022.pdf\"> &#8211;\u00a0Pr\u00e9sentation au Groupe \u00c9talement Urbain<\/a><\/p>\n<p><a href=\"https:\/\/www.agorah.com\/upload\/ressources\/GEU_2021.pdf\"><strong>=&gt; 2021 &#8211;<\/strong>\u00a0Pr\u00e9sentation au Groupe \u00c9talement Urbain<\/a><\/p>\n<p><a href=\"https:\/\/www.agorah.com\/upload\/ressources\/Note_methodologique_TU-2021.pdf\"><strong> =&gt; 2021 &#8211;<\/strong> Note m\u00e9thodologique &#8211; Calcul de la tache urbaine \u00e0 partir de la BD TOPO 2017<\/a><\/p>\n<p><a href=\"https:\/\/www.agorah.com\/upload\/ressources\/GEU_2020.pdf\"><strong>=&gt; 2020 &#8211;<\/strong>\u00a0Pr\u00e9sentation au Groupe \u00c9talement Urbain<\/a><\/p>\n<p><a href=\"..\/..\/upload\/ressources\/GEU_2019.pdf\"><strong>=&gt; 2019 &#8211;<\/strong>\u00a0<\/a><a href=\"..\/..\/upload\/ressources\/GEU_2019.pdf\">Pr\u00e9sentation au Groupe \u00c9talement Urbain<\/a><\/p>\n<p><strong> =&gt; 2019 &#8211;<\/strong><a href=\"..\/..\/upload\/ressources\/ATTRACTIVITE_X_TU_20181023_V3.pdf\">\u00a0Note technique &#8211; Attractivit\u00e9 de l&rsquo;espace urbain<\/a><\/p>\n<p><a href=\"..\/..\/upload\/ressources\/GEU_2018.pdf\"><strong> =&gt; 2018 &#8211;<\/strong><\/a><a href=\"..\/..\/upload\/ressources\/GEU_2018.pdf\">\u00a0Pr\u00e9sentation au Groupe \u00c9talement Urbain 2018 <\/a><\/p>\n<p><strong> =&gt; 2018 &#8211;<\/strong><a href=\"..\/..\/upload\/ressources\/UtilisationDesDonneesPOS-PLUv14_Compresse.pdf\">\u00a0Utilisation des donn\u00e9es POS\/PLU &#8211; Localisation du foncier non urbanis\u00e9<\/a><\/p>\n<p><strong> =&gt; 2017 &#8211;<\/strong><a href=\"..\/..\/upload\/ressources\/GEU_2017.pdf\">\u00a0Pr\u00e9sentation au Groupe \u00c9talement Urbain<\/a><\/p>\n<p><strong> =&gt; 2016 &#8211;<\/strong><a href=\"..\/..\/upload\/ressources\/GEU_2016.pdf\">\u00a0Pr\u00e9sentation au Groupe \u00c9talement Urbain <\/a><\/p>\n<p><strong> =&gt; 2016 &#8211;\u00a0<\/strong><a href=\"..\/..\/upload\/ressources\/4.1-4.2-4.3-6.2_DenseEtaleeDispersee_Analyse20160701_V4.pdf\">Suivi des 23 indicateurs environnementaux du SAR : Indicateurs \u00ab zone dense, \u00e9tal\u00e9e et dispers\u00e9e \u00bb<\/a><\/p>\n<p><strong> =&gt; 2015 &#8211;<\/strong><a href=\"..\/..\/upload\/ressources\/ComposanteDeLespaceUrbainV4.pdf\">\u00a0Composantes de l\u2019espace urbain <\/a><\/p>\n<p><a href=\"..\/..\/upload\/ressources\/GEU_2014.pdf\"><strong> =&gt; 2014 &#8211;\u00a0<\/strong>Pr\u00e9sentation au Groupe \u00c9talement Urbain<\/a><\/p>\n<p><a href=\"..\/..\/upload\/ressources\/ProspectiveTU2030.pdf\"><strong> =&gt; 2014<\/strong><strong> &#8211;<\/strong> Prospective sur l\u2019\u00e9volution de l\u2019urbanisation en 2030<\/a><\/p>\n<\/blockquote>\n<blockquote><\/blockquote>\n<p>[\/et_pb_toggle][\/et_pb_column][\/et_pb_row][et_pb_row _builder_version=\u00a0\u00bb4.16&Prime; _module_preset=\u00a0\u00bbdefault\u00a0\u00bb global_colors_info=\u00a0\u00bb{}\u00a0\u00bb][et_pb_column type=\u00a0\u00bb4_4&Prime; _builder_version=\u00a0\u00bb4.16&Prime; _module_preset=\u00a0\u00bbdefault\u00a0\u00bb global_colors_info=\u00a0\u00bb{}\u00a0\u00bb][et_pb_text _builder_version=\u00a0\u00bb4.16&Prime; _module_preset=\u00a0\u00bbdefault\u00a0\u00bb global_colors_info=\u00a0\u00bb{}\u00a0\u00bb]<\/p>\n<blockquote>\n<h2>Retrouvez toutes les publications de l\u2019agence sur la th\u00e9matique \u00ab\u00a0D\u00e9veloppement &amp; Territoires\u00a0\u00bb<\/h2>\n<\/blockquote>\n<p>[\/et_pb_text][\/et_pb_column][\/et_pb_row][et_pb_row column_structure=\u00a0\u00bb1_4,1_4,1_4,1_4&Prime; _builder_version=\u00a0\u00bb4.16&Prime; _module_preset=\u00a0\u00bbdefault\u00a0\u00bb min_height=\u00a0\u00bb354.2px\u00a0\u00bb custom_padding=\u00a0\u00bb||2px|||\u00a0\u00bb global_colors_info=\u00a0\u00bb{}\u00a0\u00bb][et_pb_column type=\u00a0\u00bb1_4&Prime; _builder_version=\u00a0\u00bb4.16&Prime; _module_preset=\u00a0\u00bbdefault\u00a0\u00bb global_colors_info=\u00a0\u00bb{}\u00a0\u00bb][et_pb_image src=\u00a0\u00bbhttp:\/\/www.agorah.com\/wp-content\/uploads\/2021\/05\/poleressourece.jpg\u00a0\u00bb alt=\u00a0\u00bbPortraits de quartiers &#8211; Logement\u00a0\u00bb title_text=\u00a0\u00bbpoleressourece\u00a0\u00bb url=\u00a0\u00bbhttp:\/\/www.agorah.com\/index.php\/open-data\/\u00a0\u00bb _builder_version=\u00a0\u00bb4.16&Prime; _module_preset=\u00a0\u00bbdefault\u00a0\u00bb global_colors_info=\u00a0\u00bb{}\u00a0\u00bb][\/et_pb_image][\/et_pb_column][et_pb_column type=\u00a0\u00bb1_4&Prime; _builder_version=\u00a0\u00bb4.16&Prime; _module_preset=\u00a0\u00bbdefault\u00a0\u00bb global_colors_info=\u00a0\u00bb{}\u00a0\u00bb][et_pb_image src=\u00a0\u00bbhttp:\/\/www.agorah.com\/wp-content\/uploads\/2021\/05\/poleressourece2.jpg\u00a0\u00bb alt=\u00a0\u00bbPortraits de quartiers &#8211; Superficie et urbanisation\u00a0\u00bb title_text=\u00a0\u00bbpoleressourece2&Prime; url=\u00a0\u00bbhttp:\/\/www.agorah.com\/index.php\/formation-sig\/\u00a0\u00bb _builder_version=\u00a0\u00bb4.16&Prime; _module_preset=\u00a0\u00bbdefault\u00a0\u00bb global_colors_info=\u00a0\u00bb{}\u00a0\u00bb][\/et_pb_image][\/et_pb_column][et_pb_column type=\u00a0\u00bb1_4&Prime; _builder_version=\u00a0\u00bb4.16&Prime; _module_preset=\u00a0\u00bbdefault\u00a0\u00bb global_colors_info=\u00a0\u00bb{}\u00a0\u00bb][et_pb_image src=\u00a0\u00bbhttp:\/\/www.agorah.com\/wp-content\/uploads\/2021\/09\/evolution_et_dynamiques_spatiales.jpg\u00a0\u00bb alt=\u00a0\u00bbPortraits de quartiers &#8211; Superficie et urbanisation\u00a0\u00bb title_text=\u00a0\u00bbevolution_et_dynamiques_spatiales\u00a0\u00bb url=\u00a0\u00bbhttp:\/\/www.agorah.com\/index.php\/evolution-et-dynamiques-spaciales\/\u00a0\u00bb _builder_version=\u00a0\u00bb4.16&Prime; _module_preset=\u00a0\u00bbdefault\u00a0\u00bb global_colors_info=\u00a0\u00bb{}\u00a0\u00bb][\/et_pb_image][\/et_pb_column][et_pb_column type=\u00a0\u00bb1_4&Prime; _builder_version=\u00a0\u00bb4.16&Prime; _module_preset=\u00a0\u00bbdefault\u00a0\u00bb global_colors_info=\u00a0\u00bb{}\u00a0\u00bb][et_pb_image src=\u00a0\u00bbhttp:\/\/www.agorah.com\/wp-content\/uploads\/2021\/05\/poleressourece4.jpg\u00a0\u00bb alt=\u00a0\u00bbPortraits de quartiers &#8211; Logement\u00a0\u00bb title_text=\u00a0\u00bbpoleressourece4&Prime; url=\u00a0\u00bbhttp:\/\/www.agorah.com\/index.php\/valorisation\/\u00a0\u00bb _builder_version=\u00a0\u00bb4.16&Prime; _module_preset=\u00a0\u00bbdefault\u00a0\u00bb global_colors_info=\u00a0\u00bb{}\u00a0\u00bb][\/et_pb_image][\/et_pb_column][\/et_pb_row][\/et_pb_section]<\/p>\n","protected":false},"excerpt":{"rendered":"<p>\u00c9volution &amp; Dynamiques Spatiales Toutes nos productions =&gt; 2024 &#8211; Observatoire de l\u2019Occupation du Sol =&gt; 2023 &#8211;\u00a0Pr\u00e9sentation au Groupe \u00c9talement Urbain =&gt; 2022 &#8211;\u00a0Pr\u00e9sentation au Groupe \u00c9talement Urbain =&gt; 2021 &#8211;\u00a0Pr\u00e9sentation au Groupe \u00c9talement Urbain =&gt; 2021 &#8211; Note m\u00e9thodologique &#8211; Calcul de la tache urbaine \u00e0 partir de la BD TOPO 2017 =&gt; [&hellip;]<\/p>\n","protected":false},"author":1,"featured_media":0,"parent":0,"menu_order":0,"comment_status":"closed","ping_status":"closed","template":"","meta":{"_et_pb_use_builder":"on","_et_pb_old_content":"","_et_gb_content_width":"","_monsterinsights_skip_tracking":false,"_monsterinsights_sitenote_active":false,"_monsterinsights_sitenote_note":"","_monsterinsights_sitenote_category":0,"footnotes":""},"yoast_head":"<!-- This site is optimized with the Yoast SEO plugin v23.2 - https:\/\/yoast.com\/wordpress\/plugins\/seo\/ -->\n<title>EVOLUTION ET DYNAMIQUES SPACIALES - AGORAH Agence d&#039;urbanisme de La R\u00e9union<\/title>\n<meta name=\"robots\" content=\"index, follow, max-snippet:-1, max-image-preview:large, max-video-preview:-1\" \/>\n<link rel=\"canonical\" href=\"https:\/\/www.agorah.com\/index.php\/evolution-et-dynamiques-spaciales\/\" \/>\n<meta property=\"og:locale\" content=\"fr_FR\" \/>\n<meta property=\"og:type\" content=\"article\" \/>\n<meta property=\"og:title\" content=\"EVOLUTION ET DYNAMIQUES SPACIALES - AGORAH Agence d&#039;urbanisme de La R\u00e9union\" \/>\n<meta property=\"og:description\" content=\"\u00c9volution &amp; Dynamiques Spatiales Toutes nos productions =&gt; 2024 - Observatoire de l\u2019Occupation du Sol =&gt; 2023 -\u00a0Pr\u00e9sentation au Groupe \u00c9talement Urbain =&gt; 2022 -\u00a0Pr\u00e9sentation au Groupe \u00c9talement Urbain =&gt; 2021 -\u00a0Pr\u00e9sentation au Groupe \u00c9talement Urbain =&gt; 2021 - Note m\u00e9thodologique - Calcul de la tache urbaine \u00e0 partir de la BD TOPO 2017 =&gt; [&hellip;]\" \/>\n<meta property=\"og:url\" content=\"https:\/\/www.agorah.com\/index.php\/evolution-et-dynamiques-spaciales\/\" \/>\n<meta property=\"og:site_name\" content=\"AGORAH Agence d&#039;urbanisme de La R\u00e9union\" \/>\n<meta property=\"article:publisher\" content=\"https:\/\/www.facebook.com\/AgorahReunion\" \/>\n<meta property=\"article:modified_time\" content=\"2025-10-16T05:49:24+00:00\" \/>\n<meta name=\"twitter:card\" content=\"summary_large_image\" \/>\n<script type=\"application\/ld+json\" class=\"yoast-schema-graph\">{\"@context\":\"https:\/\/schema.org\",\"@graph\":[{\"@type\":\"WebPage\",\"@id\":\"https:\/\/www.agorah.com\/index.php\/evolution-et-dynamiques-spaciales\/\",\"url\":\"https:\/\/www.agorah.com\/index.php\/evolution-et-dynamiques-spaciales\/\",\"name\":\"EVOLUTION ET DYNAMIQUES SPACIALES - AGORAH Agence d&#039;urbanisme de La R\u00e9union\",\"isPartOf\":{\"@id\":\"https:\/\/www.agorah.com\/#website\"},\"datePublished\":\"2021-05-21T06:40:10+00:00\",\"dateModified\":\"2025-10-16T05:49:24+00:00\",\"breadcrumb\":{\"@id\":\"https:\/\/www.agorah.com\/index.php\/evolution-et-dynamiques-spaciales\/#breadcrumb\"},\"inLanguage\":\"fr-FR\",\"potentialAction\":[{\"@type\":\"ReadAction\",\"target\":[\"https:\/\/www.agorah.com\/index.php\/evolution-et-dynamiques-spaciales\/\"]}]},{\"@type\":\"BreadcrumbList\",\"@id\":\"https:\/\/www.agorah.com\/index.php\/evolution-et-dynamiques-spaciales\/#breadcrumb\",\"itemListElement\":[{\"@type\":\"ListItem\",\"position\":1,\"name\":\"Accueil\",\"item\":\"https:\/\/www.agorah.com\/\"},{\"@type\":\"ListItem\",\"position\":2,\"name\":\"EVOLUTION ET DYNAMIQUES SPACIALES\"}]},{\"@type\":\"WebSite\",\"@id\":\"https:\/\/www.agorah.com\/#website\",\"url\":\"https:\/\/www.agorah.com\/\",\"name\":\"AGORAH Agence d'urbanisme de La R\u00e9union\",\"description\":\"AGORAH  Agence d&#039;urbanisme de La R\u00e9union\",\"publisher\":{\"@id\":\"https:\/\/www.agorah.com\/#organization\"},\"alternateName\":\"AGORAH\",\"potentialAction\":[{\"@type\":\"SearchAction\",\"target\":{\"@type\":\"EntryPoint\",\"urlTemplate\":\"https:\/\/www.agorah.com\/?s={search_term_string}\"},\"query-input\":\"required name=search_term_string\"}],\"inLanguage\":\"fr-FR\"},{\"@type\":\"Organization\",\"@id\":\"https:\/\/www.agorah.com\/#organization\",\"name\":\"AGORAH Agence d'urbanisme de La R\u00e9union\",\"alternateName\":\"AGORAH\",\"url\":\"https:\/\/www.agorah.com\/\",\"logo\":{\"@type\":\"ImageObject\",\"inLanguage\":\"fr-FR\",\"@id\":\"https:\/\/www.agorah.com\/#\/schema\/logo\/image\/\",\"url\":\"https:\/\/www.agorah.com\/wp-content\/uploads\/2020\/05\/LOGO-SITE-BASELINE-4.png\",\"contentUrl\":\"https:\/\/www.agorah.com\/wp-content\/uploads\/2020\/05\/LOGO-SITE-BASELINE-4.png\",\"width\":5111,\"height\":982,\"caption\":\"AGORAH Agence d'urbanisme de La R\u00e9union\"},\"image\":{\"@id\":\"https:\/\/www.agorah.com\/#\/schema\/logo\/image\/\"},\"sameAs\":[\"https:\/\/www.facebook.com\/AgorahReunion\",\"https:\/\/www.linkedin.com\/company\/agorah-agence-durbanisme--la-runion\/mycompany\/?viewAsMember=true\"]}]}<\/script>\n<!-- \/ Yoast SEO plugin. -->","yoast_head_json":{"title":"EVOLUTION ET DYNAMIQUES SPACIALES - AGORAH Agence d&#039;urbanisme de La R\u00e9union","robots":{"index":"index","follow":"follow","max-snippet":"max-snippet:-1","max-image-preview":"max-image-preview:large","max-video-preview":"max-video-preview:-1"},"canonical":"https:\/\/www.agorah.com\/index.php\/evolution-et-dynamiques-spaciales\/","og_locale":"fr_FR","og_type":"article","og_title":"EVOLUTION ET DYNAMIQUES SPACIALES - AGORAH Agence d&#039;urbanisme de La R\u00e9union","og_description":"\u00c9volution &amp; Dynamiques Spatiales Toutes nos productions =&gt; 2024 - Observatoire de l\u2019Occupation du Sol =&gt; 2023 -\u00a0Pr\u00e9sentation au Groupe \u00c9talement Urbain =&gt; 2022 -\u00a0Pr\u00e9sentation au Groupe \u00c9talement Urbain =&gt; 2021 -\u00a0Pr\u00e9sentation au Groupe \u00c9talement Urbain =&gt; 2021 - Note m\u00e9thodologique - Calcul de la tache urbaine \u00e0 partir de la BD TOPO 2017 =&gt; [&hellip;]","og_url":"https:\/\/www.agorah.com\/index.php\/evolution-et-dynamiques-spaciales\/","og_site_name":"AGORAH Agence d&#039;urbanisme de La R\u00e9union","article_publisher":"https:\/\/www.facebook.com\/AgorahReunion","article_modified_time":"2025-10-16T05:49:24+00:00","twitter_card":"summary_large_image","schema":{"@context":"https:\/\/schema.org","@graph":[{"@type":"WebPage","@id":"https:\/\/www.agorah.com\/index.php\/evolution-et-dynamiques-spaciales\/","url":"https:\/\/www.agorah.com\/index.php\/evolution-et-dynamiques-spaciales\/","name":"EVOLUTION ET DYNAMIQUES SPACIALES - AGORAH Agence d&#039;urbanisme de La R\u00e9union","isPartOf":{"@id":"https:\/\/www.agorah.com\/#website"},"datePublished":"2021-05-21T06:40:10+00:00","dateModified":"2025-10-16T05:49:24+00:00","breadcrumb":{"@id":"https:\/\/www.agorah.com\/index.php\/evolution-et-dynamiques-spaciales\/#breadcrumb"},"inLanguage":"fr-FR","potentialAction":[{"@type":"ReadAction","target":["https:\/\/www.agorah.com\/index.php\/evolution-et-dynamiques-spaciales\/"]}]},{"@type":"BreadcrumbList","@id":"https:\/\/www.agorah.com\/index.php\/evolution-et-dynamiques-spaciales\/#breadcrumb","itemListElement":[{"@type":"ListItem","position":1,"name":"Accueil","item":"https:\/\/www.agorah.com\/"},{"@type":"ListItem","position":2,"name":"EVOLUTION ET DYNAMIQUES SPACIALES"}]},{"@type":"WebSite","@id":"https:\/\/www.agorah.com\/#website","url":"https:\/\/www.agorah.com\/","name":"AGORAH Agence d'urbanisme de La R\u00e9union","description":"AGORAH  Agence d&#039;urbanisme de La R\u00e9union","publisher":{"@id":"https:\/\/www.agorah.com\/#organization"},"alternateName":"AGORAH","potentialAction":[{"@type":"SearchAction","target":{"@type":"EntryPoint","urlTemplate":"https:\/\/www.agorah.com\/?s={search_term_string}"},"query-input":"required name=search_term_string"}],"inLanguage":"fr-FR"},{"@type":"Organization","@id":"https:\/\/www.agorah.com\/#organization","name":"AGORAH Agence d'urbanisme de La R\u00e9union","alternateName":"AGORAH","url":"https:\/\/www.agorah.com\/","logo":{"@type":"ImageObject","inLanguage":"fr-FR","@id":"https:\/\/www.agorah.com\/#\/schema\/logo\/image\/","url":"https:\/\/www.agorah.com\/wp-content\/uploads\/2020\/05\/LOGO-SITE-BASELINE-4.png","contentUrl":"https:\/\/www.agorah.com\/wp-content\/uploads\/2020\/05\/LOGO-SITE-BASELINE-4.png","width":5111,"height":982,"caption":"AGORAH Agence d'urbanisme de La R\u00e9union"},"image":{"@id":"https:\/\/www.agorah.com\/#\/schema\/logo\/image\/"},"sameAs":["https:\/\/www.facebook.com\/AgorahReunion","https:\/\/www.linkedin.com\/company\/agorah-agence-durbanisme--la-runion\/mycompany\/?viewAsMember=true"]}]}},"_links":{"self":[{"href":"https:\/\/www.agorah.com\/index.php\/wp-json\/wp\/v2\/pages\/3200"}],"collection":[{"href":"https:\/\/www.agorah.com\/index.php\/wp-json\/wp\/v2\/pages"}],"about":[{"href":"https:\/\/www.agorah.com\/index.php\/wp-json\/wp\/v2\/types\/page"}],"author":[{"embeddable":true,"href":"https:\/\/www.agorah.com\/index.php\/wp-json\/wp\/v2\/users\/1"}],"replies":[{"embeddable":true,"href":"https:\/\/www.agorah.com\/index.php\/wp-json\/wp\/v2\/comments?post=3200"}],"version-history":[{"count":5,"href":"https:\/\/www.agorah.com\/index.php\/wp-json\/wp\/v2\/pages\/3200\/revisions"}],"predecessor-version":[{"id":4698,"href":"https:\/\/www.agorah.com\/index.php\/wp-json\/wp\/v2\/pages\/3200\/revisions\/4698"}],"wp:attachment":[{"href":"https:\/\/www.agorah.com\/index.php\/wp-json\/wp\/v2\/media?parent=3200"}],"curies":[{"name":"wp","href":"https:\/\/api.w.org\/{rel}","templated":true}]}}